e greatest common divisor of v and i.
14
Let m = -242 + 393. Suppose -m = -4*y - 63. Calculate the greatest common divisor of y and 4.
2
Suppose -5*m - 5*v = -0*m - 160, 0 = 3*v - 6. Suppose -3*n + 2*i = -62, 28 + 77 = 21*i. Calculate the greatest common factor of m and n.
6
Let u(r) = -r**3 - 10*r**2 + 16*r + 95. Let w be u(-11). Suppose -8*i + 5*i = -120. Let v = i - 24. What is the greatest common divisor of v and w?
8
Let h be 310 + 8*(18 + -21). Calculate the greatest common factor of 1056 and h.
22
Suppose -12*o + 32 = 7 - 119. Calculate the greatest common factor of 20676 and o.
12
Let j be (6 + 2)/(3/12). Suppose -3*q - j = -44. Suppose -3*d + q*u = -43, -5*d - u + 38 = -2*d. What is the greatest common divisor of d and 143?
13
Let g be (-28 - 4237/(-152)) + 1346/16. Calculate the highest common factor of 212 and g.
4
Let z be (6/(-2))/((-3)/(-24)). Let m be 2300/35 + (-176)/(-28) + -6. Let k = z + m. What is the greatest common divisor of 168 and k?
42
Let j = -1332 + 1969. What is the greatest common divisor of j and 1456?
91
Suppose -5*r + 2*j = -3*r - 5008, -7500 = -3*r - 3*j. What is the highest common divisor of 7089 and r?
417
Suppose 578 = -19*i + 9413. Suppose 3*h + 5*r - 31 = 49, 0 = -5*h + r + 152. What is the highest common divisor of i and h?
15
Let u be ((-10)/4)/(-4 + 15/10). Suppose 0 = -0*i - i + 2*p - u, i + 2*p = 3. Calculate the greatest common divisor of 5 and i.
1
Let w(p) = 53*p**3 - 44*p**2 + 83*p. Let s be w(2). Calculate the greatest common factor of s and 702.
18
Let h = -4098 - -4126. Calculate the greatest common factor of h and 252.
28
Let c = 427 + 190. Let f = 687 - c. Calculate the highest common factor of 490 and f.
70
Let j = 134 + -19. Suppose -22*h + j = -2173. Calculate the greatest common factor of 39 and h.
13
Suppose 11*t - 2820 = -565. Let s = t - 128. Calculate the highest common factor of s and 99.
11
Suppose 52*o + 281 - 376 = 321. Calculate the highest common divisor of o and 12808.
8
Let t be (-11)/(-1)*2/2. Let m(h) be the second derivative of h**3/2 - 29*h**2/2 - 708*h. Let u be m(t). Calculate the greatest common divisor of u and 28.
4
Let c(h) = -156*h - 1664. Let x be c(-28). What is the greatest common divisor of 26 and x?
26
Let s(n) = 25*n - 368. Let b(k) = -25*k + 369. Let q(l) = -5*b(l) - 4*s(l). Let p be q(16). Calculate the greatest common divisor of 432 and p.
27
Suppose 5*d + 0 = -2*a - 24, -5*d = 4*a + 28. Let s = 7 + d. Let r be (-1)/(1/(-3)) + 891/(-2277)*-23. What is the greatest common divisor of r and s?
3
Suppose d = -3*m + 17, -3*d = -38*m + 34*m + 14. What is the greatest common divisor of m and 3415?
5
Let q be (-1)/6*-4*(1485/15)/3. What is the highest common factor of 9592 and q?
22
Suppose 0 = -c + 4*c + 6, -3*x + 3*c + 15 = 0. Suppose -x*z + 7 = -2. Suppose -u + z = -13. What is the greatest common divisor of 56 and u?
8
Let f(a) = a**3 - 30*a**2 + 8*a - 125. Let w be f(30). Calculate the highest common factor of 60 and w.
5
Let s = -142 - -207. Suppose 0 = 5*z - 4*z - 4, 3*z - 21 = g. Let b(v) = -4*v - 10. Let p be b(g). Calculate the greatest common divisor of s and p.
13
Let z = -1206 - -1764. Suppose -z = -18*j + 1836. What is the greatest common divisor of 57 and j?
19
Let v(k) = -k**3 + 5*k**2 - k + 2. Let i be v(4). Let c = -217 + 371. Suppose 0*t = -i*t + c. Calculate the greatest common divisor of 22 and t.
11
Let q(j) = j**3 - 3*j**2 + 4*j - 7. Let m be q(3). Let f(h) = -h**3 + 30*h**2 + 37*h - 181. Let z be f(31). Calculate the highest common divisor of m and z.
5
Let j = -39066 + 39248. Calculate the greatest common factor of 24934 and j.
182
Let i be ((-9)/342*4 - 462/(-57)) + 712. Calculate the highest common factor of i and 1125.
45
Let c(a) = 16*a**2 - 380*a - 1519. Let u be c(-4). What is the greatest common factor of u and 1?
1
Suppose 3*p - 42 = p. Suppose -5 = -3*j + 4, 5*b - 5*j - 300 = 0. Suppose 0 = 7*s - 10*s + b. Calculate the highest common divisor of s and p.
21
Let o = 9 + 119. Suppose 5*n + s - 166 - 79 = 0, 0 = s - 5. Calculate the greatest common factor of o and n.
16
Let v = -15680 - -15725. Calculate the greatest common factor of v and 5040.
45
Suppose -2032*g = 4*h - 2031*g - 25, -5*g - 1 = -h. Calculate the highest common divisor of h and 1419.
3
Let h(t) be the first derivative of t**3/3 - 5*t**2 + 19*t + 2. Let f be h(12). Suppose 8*y - f = 29. Calculate the greatest common divisor of y and 36.
9
Let j be 48/(42/7) + -627. Let p = -297 - j. What is the greatest common factor of p and 7?
7
Suppose k + 4*i = i, 0 = 2*k + i - 5. Suppose 4*p = 2*h + 36, -2*p + 2 = -0*p + k*h. Calculate the highest common factor of 224 and p.
7
Suppose -2*f + 354 - 1151 = -3*l, -3*l + f + 796 = 0. Let o = 271 - l. Suppose -j + 63 - 9 = 0. Calculate the greatest common divisor of j and o.
6
Suppose -2*y = -2 - 6. Suppose 5*u - 15 = 5*z, 3*u + 2*u - 17 = y*z. Suppose k = z*k - 7. Calculate the greatest common divisor of 77 and k.
7
Suppose -26*p - 10800 = -86*p. Calculate the highest common factor of 1035 and p.
45
Suppose 560*u - 742840 = 511*u. Calculate the greatest common factor of u and 40.
40
Suppose -573*o + 487500 = -1347797 - 232087. What is the greatest common divisor of 352 and o?
88
Suppose r - 4*a - 9 = 0, 2*r - 27 = -r + 5*a. Let q be (-5)/(-30)*6*-2. Let i be (0 - q/2)/((-4)/(-8)). Calculate the highest common divisor of i and r.
1
Let a be 22 - 5/(110/(-1826)). What is the highest common divisor of a and 13160?
35
Let i = 302 + -218. Let b be i/((7/7)/(2/3)). What is the greatest common factor of b and 7?
7
Suppose -2*x - 8 = -4*x. Let b(p) = -27*p + 29. Let f be b(x). Let m = f - -82. What is the highest common factor of 12 and m?
3
Suppose 4*p + 4*s = 1832, 0*s + 1832 = 4*p - 3*s. Let z = p + -266. Suppose 8*q + z = 808. What is the highest common factor of 22 and q?
11
Let f be (-4 - 1337/(-42)) + 1/6. Suppose 10*y = 3*y + f. Suppose -5*b = 2*q - 172, b = 2*b - y. What is the greatest common divisor of 4 and q?
4
Let i(t) = -6*t**2 + 1097*t - 1566. Let p be i(178). What is the highest common divisor of 928 and p?
116
Let k be (-244)/(-183)*(-2)/(4/(-6)). Suppose -16*t + 11*t - 105 = -k*h, -3*t - 111 = -4*h. Calculate the greatest common factor of 90 and h.
30
Let y = 1393 - 793. Calculate the greatest common factor of 500 and y.
100
Let d(x) = -256*x - 1787. Let l be d(-7). What is the highest common factor of l and 635?
5
Suppose -134*p - 5*p = -164576. Calculate the greatest common factor of 2146 and p.
74
Let o(g) = 53*g - 230. Let r be o(4). Let k be 121/r*-26 + (-6)/(-27). What is the greatest common divisor of 25 and k?
25
Let k = -156 - -261. Suppose -l + 6*l - 80 = 0. Suppose z + 11 = l. What is the greatest common factor of k and z?
5
Let g(d) = d**3 - 7*d**2 - 1. Suppose 84 = -0*x + 12*x. Let i be g(x). Let u(m) = -22*m - 7. Let c be u(i). Calculate the highest common factor of c and 255.
15
Suppose 0 = b + 3*b - 72. Let g be -14*(-1)/(-2)*-9. Calculate the highest common divisor of g and b.
9
Suppose 18*a - 113 = -3*x + 17*a, -4*a = 4*x - 140. Let u be (-6 + -33)*(0 + (-2 - -1)). What is the highest common divisor of x and u?
39
Suppose 5*i - 6*z = 34, -4*i + 5*z = 9*z - 80. What is the highest common factor of 2527 and i?
7
Suppose -l + 5 = -m, 2*m = -3*l + 7 + 3. Let n be (-5 - -8 - 2) + m. Suppose 17*c - 11*c - 36 = n. Calculate the highest common factor of c and 6.
6
Let r be (-2)/(-18) + 4130/90. Suppose 4*t = -16, -7*f + 5*f + 2*t = r. Let y = 90 + f. What is the highest common divisor of 21 and y?
21
Suppose -8*p + 700 = 20*p. Calculate the highest common divisor of p and 895.
5
Let n(d) = -108*d + 179. Let k be n(1). Calculate the highest common divisor of 1 and k.
1
Let y = -3530 - -3536. Calculate the highest common factor of 364 and y.
2
Let v be 43 + 4/(-2)*9/18. Let l be (v/(-4))/((-19)/646). What is the greatest common divisor of 51 and l?
51
Let g(d) = -d + 16. Let l be g(-8). Let v be 0 - (-85)/3 - 8/l. What is the greatest common divisor of v and 28?
28
Let y = -117 + 135. Let h be 1527/y - (-20)/(-24). What is the greatest common divisor of 108 and h?
12
Let q(j) = 4*j**2 + 20*j - 364. Let s be q(19). What is the highest common divisor of 20 and s?
20
Let u = -5323 - -5947. Calculate the highest c